{"id":306,"date":"2025-03-30T17:28:30","date_gmt":"2025-03-30T17:28:30","guid":{"rendered":"https:\/\/liripetrovany.sk\/?page_id=306"},"modified":"2025-03-30T17:28:30","modified_gmt":"2025-03-30T17:28:30","slug":"liri-n-o","status":"publish","type":"page","link":"https:\/\/liripetrovany.sk\/","title":{"rendered":"LIRI n.o."},"content":{"rendered":"\n<h2 class=\"wp-block-heading has-text-align-center has-accent-color has-text-color has-link-color wp-elements-a457dedfa175275f4d926104e49a3d26\">Zariadenie pre seniorov \u017dup\u010dany<\/h2>\n\n\n\n<p class=\"has-normal-font-size\"><strong>Druh zariadenia:<\/strong> Soci\u00e1lno-zdravotn\u00e9 n\u00edzkokapacitn\u00e9 zariadenie s kapacitou do 30 miest s celoro\u010dnou pobytovou formou v s\u00falade s \u00a7 12 ods. 1 p\u00edsm. c) z\u00e1kona 448\/2008 Z. z.<\/p>\n\n\n\n<p><strong>Druh soci\u00e1lnej slu\u017eby: <\/strong>Zariadenie pre seniorov<\/p>\n","protected":false},"excerpt":{"rendered":"<p>Zariadenie pre seniorov \u017dup\u010dany Druh zariadenia: Soci\u00e1lno-zdravotn\u00e9 n\u00edzkokapacitn\u00e9 zariadenie s kapacitou do 30 miest s celoro\u010dnou pobytovou formou v s\u00falade s \u00a7 12 ods. 1 p\u00edsm. c) z\u00e1kona 448\/2008 Z. z. Druh soci\u00e1lnej slu\u017eby: Zariadenie pre seniorov<\/p>\n","protected":false},"author":2,"featured_media":64,"parent":0,"menu_order":0,"comment_status":"closed","ping_status":"closed","template":"","meta":{"_monsterinsights_skip_tracking":false,"_monsterinsights_sitenote_active":false,"_monsterinsights_sitenote_note":"","_monsterinsights_sitenote_category":0,"footnotes":""},"yoast_head":"<!-- This site is optimized with the Yoast SEO plugin v22.8 - https:\/\/yoast.com\/wordpress\/plugins\/seo\/ -->\n<title>LIRI n.o. - LIRI n.o.<\/title>\n<meta name=\"description\" content=\"Soci\u00e1lno-zdravotn\u00e9 n\u00edzkokapacitn\u00e9 zariadenie s kapacitou do 30 miest s celoro\u010dnou pobytovou formou v s\u00falade s \u00a7 12 ods. 1 p\u00edsm. c) z\u00e1kona 448\/2008 Z. z.seniorov \u017dup\u010dany\" \/>\n<meta name=\"robots\" content=\"index, follow, max-snippet:-1, max-image-preview:large, max-video-preview:-1\" \/>\n<link rel=\"canonical\" href=\"https:\/\/liripetrovany.sk\/\" \/>\n<meta property=\"og:locale\" content=\"sk_SK\" \/>\n<meta property=\"og:type\" content=\"article\" \/>\n<meta property=\"og:title\" content=\"LIRI n.o. - LIRI n.o.\" \/>\n<meta property=\"og:description\" content=\"Soci\u00e1lno-zdravotn\u00e9 n\u00edzkokapacitn\u00e9 zariadenie s kapacitou do 30 miest s celoro\u010dnou pobytovou formou v s\u00falade s \u00a7 12 ods. 1 p\u00edsm. c) z\u00e1kona 448\/2008 Z. z.seniorov \u017dup\u010dany\" \/>\n<meta property=\"og:url\" content=\"https:\/\/liripetrovany.sk\/\" \/>\n<meta property=\"og:site_name\" content=\"LIRI n.o.\" \/>\n<meta property=\"og:image\" content=\"https:\/\/liripetrovany.sk\/wp-content\/uploads\/2022\/09\/smiley-man-woman-medium-shot-scaled.jpg\" \/>\n\t<meta property=\"og:image:width\" content=\"2560\" \/>\n\t<meta property=\"og:image:height\" content=\"1702\" \/>\n\t<meta property=\"og:image:type\" content=\"image\/jpeg\" \/>\n<meta name=\"twitter:card\" content=\"summary_large_image\" \/>\n<meta name=\"twitter:label1\" content=\"Predpokladan\u00fd \u010das \u010d\u00edtania\" \/>\n\t<meta name=\"twitter:data1\" content=\"1 min\u00fata\" \/>\n<script type=\"application\/ld+json\" class=\"yoast-schema-graph\">{\"@context\":\"https:\/\/schema.org\",\"@graph\":[{\"@type\":\"WebPage\",\"@id\":\"https:\/\/liripetrovany.sk\/\",\"url\":\"https:\/\/liripetrovany.sk\/\",\"name\":\"LIRI n.o. - LIRI n.o.\",\"isPartOf\":{\"@id\":\"https:\/\/liripetrovany.sk\/#website\"},\"primaryImageOfPage\":{\"@id\":\"https:\/\/liripetrovany.sk\/#primaryimage\"},\"image\":{\"@id\":\"https:\/\/liripetrovany.sk\/#primaryimage\"},\"thumbnailUrl\":\"https:\/\/liripetrovany.sk\/wp-content\/uploads\/2022\/09\/smiley-man-woman-medium-shot-scaled.jpg\",\"datePublished\":\"2025-03-30T17:28:30+00:00\",\"dateModified\":\"2025-03-30T17:28:30+00:00\",\"description\":\"Soci\u00e1lno-zdravotn\u00e9 n\u00edzkokapacitn\u00e9 zariadenie s kapacitou do 30 miest s celoro\u010dnou pobytovou formou v s\u00falade s \u00a7 12 ods. 1 p\u00edsm. c) z\u00e1kona 448\/2008 Z. z.seniorov \u017dup\u010dany\",\"breadcrumb\":{\"@id\":\"https:\/\/liripetrovany.sk\/#breadcrumb\"},\"inLanguage\":\"sk-SK\",\"potentialAction\":[{\"@type\":\"ReadAction\",\"target\":[\"https:\/\/liripetrovany.sk\/\"]}]},{\"@type\":\"ImageObject\",\"inLanguage\":\"sk-SK\",\"@id\":\"https:\/\/liripetrovany.sk\/#primaryimage\",\"url\":\"https:\/\/liripetrovany.sk\/wp-content\/uploads\/2022\/09\/smiley-man-woman-medium-shot-scaled.jpg\",\"contentUrl\":\"https:\/\/liripetrovany.sk\/wp-content\/uploads\/2022\/09\/smiley-man-woman-medium-shot-scaled.jpg\",\"width\":2560,\"height\":1702},{\"@type\":\"BreadcrumbList\",\"@id\":\"https:\/\/liripetrovany.sk\/#breadcrumb\",\"itemListElement\":[{\"@type\":\"ListItem\",\"position\":1,\"name\":\"Home\",\"item\":\"https:\/\/liripetrovany.sk\/\"},{\"@type\":\"ListItem\",\"position\":2,\"name\":\"LIRI n.o.\"}]},{\"@type\":\"WebSite\",\"@id\":\"https:\/\/liripetrovany.sk\/#website\",\"url\":\"https:\/\/liripetrovany.sk\/\",\"name\":\"LIRI n.o.\",\"description\":\"Zariadenie pre seniorov\",\"potentialAction\":[{\"@type\":\"SearchAction\",\"target\":{\"@type\":\"EntryPoint\",\"urlTemplate\":\"https:\/\/liripetrovany.sk\/?s={search_term_string}\"},\"query-input\":\"required name=search_term_string\"}],\"inLanguage\":\"sk-SK\"}]}<\/script>\n<!-- \/ Yoast SEO plugin. -->","yoast_head_json":{"title":"LIRI n.o. - LIRI n.o.","description":"Soci\u00e1lno-zdravotn\u00e9 n\u00edzkokapacitn\u00e9 zariadenie s kapacitou do 30 miest s celoro\u010dnou pobytovou formou v s\u00falade s \u00a7 12 ods. 1 p\u00edsm. c) z\u00e1kona 448\/2008 Z. z.seniorov \u017dup\u010dany","robots":{"index":"index","follow":"follow","max-snippet":"max-snippet:-1","max-image-preview":"max-image-preview:large","max-video-preview":"max-video-preview:-1"},"canonical":"https:\/\/liripetrovany.sk\/","og_locale":"sk_SK","og_type":"article","og_title":"LIRI n.o. - LIRI n.o.","og_description":"Soci\u00e1lno-zdravotn\u00e9 n\u00edzkokapacitn\u00e9 zariadenie s kapacitou do 30 miest s celoro\u010dnou pobytovou formou v s\u00falade s \u00a7 12 ods. 1 p\u00edsm. c) z\u00e1kona 448\/2008 Z. z.seniorov \u017dup\u010dany","og_url":"https:\/\/liripetrovany.sk\/","og_site_name":"LIRI n.o.","og_image":[{"width":2560,"height":1702,"url":"https:\/\/liripetrovany.sk\/wp-content\/uploads\/2022\/09\/smiley-man-woman-medium-shot-scaled.jpg","type":"image\/jpeg"}],"twitter_card":"summary_large_image","twitter_misc":{"Predpokladan\u00fd \u010das \u010d\u00edtania":"1 min\u00fata"},"schema":{"@context":"https:\/\/schema.org","@graph":[{"@type":"WebPage","@id":"https:\/\/liripetrovany.sk\/","url":"https:\/\/liripetrovany.sk\/","name":"LIRI n.o. - LIRI n.o.","isPartOf":{"@id":"https:\/\/liripetrovany.sk\/#website"},"primaryImageOfPage":{"@id":"https:\/\/liripetrovany.sk\/#primaryimage"},"image":{"@id":"https:\/\/liripetrovany.sk\/#primaryimage"},"thumbnailUrl":"https:\/\/liripetrovany.sk\/wp-content\/uploads\/2022\/09\/smiley-man-woman-medium-shot-scaled.jpg","datePublished":"2025-03-30T17:28:30+00:00","dateModified":"2025-03-30T17:28:30+00:00","description":"Soci\u00e1lno-zdravotn\u00e9 n\u00edzkokapacitn\u00e9 zariadenie s kapacitou do 30 miest s celoro\u010dnou pobytovou formou v s\u00falade s \u00a7 12 ods. 1 p\u00edsm. c) z\u00e1kona 448\/2008 Z. z.seniorov \u017dup\u010dany","breadcrumb":{"@id":"https:\/\/liripetrovany.sk\/#breadcrumb"},"inLanguage":"sk-SK","potentialAction":[{"@type":"ReadAction","target":["https:\/\/liripetrovany.sk\/"]}]},{"@type":"ImageObject","inLanguage":"sk-SK","@id":"https:\/\/liripetrovany.sk\/#primaryimage","url":"https:\/\/liripetrovany.sk\/wp-content\/uploads\/2022\/09\/smiley-man-woman-medium-shot-scaled.jpg","contentUrl":"https:\/\/liripetrovany.sk\/wp-content\/uploads\/2022\/09\/smiley-man-woman-medium-shot-scaled.jpg","width":2560,"height":1702},{"@type":"BreadcrumbList","@id":"https:\/\/liripetrovany.sk\/#breadcrumb","itemListElement":[{"@type":"ListItem","position":1,"name":"Home","item":"https:\/\/liripetrovany.sk\/"},{"@type":"ListItem","position":2,"name":"LIRI n.o."}]},{"@type":"WebSite","@id":"https:\/\/liripetrovany.sk\/#website","url":"https:\/\/liripetrovany.sk\/","name":"LIRI n.o.","description":"Zariadenie pre seniorov","potentialAction":[{"@type":"SearchAction","target":{"@type":"EntryPoint","urlTemplate":"https:\/\/liripetrovany.sk\/?s={search_term_string}"},"query-input":"required name=search_term_string"}],"inLanguage":"sk-SK"}]}},"_links":{"self":[{"href":"https:\/\/liripetrovany.sk\/index.php?rest_route=\/wp\/v2\/pages\/306"}],"collection":[{"href":"https:\/\/liripetrovany.sk\/index.php?rest_route=\/wp\/v2\/pages"}],"about":[{"href":"https:\/\/liripetrovany.sk\/index.php?rest_route=\/wp\/v2\/types\/page"}],"author":[{"embeddable":true,"href":"https:\/\/liripetrovany.sk\/index.php?rest_route=\/wp\/v2\/users\/2"}],"replies":[{"embeddable":true,"href":"https:\/\/liripetrovany.sk\/index.php?rest_route=%2Fwp%2Fv2%2Fcomments&post=306"}],"version-history":[{"count":2,"href":"https:\/\/liripetrovany.sk\/index.php?rest_route=\/wp\/v2\/pages\/306\/revisions"}],"predecessor-version":[{"id":309,"href":"https:\/\/liripetrovany.sk\/index.php?rest_route=\/wp\/v2\/pages\/306\/revisions\/309"}],"wp:featuredmedia":[{"embeddable":true,"href":"https:\/\/liripetrovany.sk\/index.php?rest_route=\/wp\/v2\/media\/64"}],"wp:attachment":[{"href":"https:\/\/liripetrovany.sk\/index.php?rest_route=%2Fwp%2Fv2%2Fmedia&parent=306"}],"curies":[{"name":"wp","href":"https:\/\/api.w.org\/{rel}","templated":true}]}}